of 99 and 54.
9
Calculate the greatest common divisor of 60 and 2868.
12
What is the highest common factor of 811 and 1?
1
Calculate the greatest common factor of 9 and 3231.
9
What is the highest common divisor of 22442 and 49?
49
What is the highest common factor of 444 and 348?
12
What is the highest common divisor of 8393 and 77?
77
Calculate the greatest common divisor of 132 and 4818.
66
What is the highest common divisor of 176 and 48?
16
Calculate the greatest common factor of 1323 and 378.
189
What is the greatest common divisor of 8 and 428?
4
What is the highest common divisor of 11945 and 5?
5
What is the highest common divisor of 77 and 56?
7
What is the greatest common divisor of 158 and 1343?
79
Calculate the highest common divisor of 628 and 9263.
157
What is the greatest common divisor of 198 and 72?
18
Calculate the highest common factor of 924 and 1176.
84
What is the highest common factor of 831 and 3?
3
What is the greatest common divisor of 294 and 4508?
98
What is the highest common divisor of 978 and 6?
6
Calculate the highest common divisor of 32163 and 71.
71
What is the greatest common factor of 115 and 575?
115
What is the greatest common divisor of 481 and 143?
13
Calculate the greatest common divisor of 135 and 5550.
15
What is the highest common divisor of 45 and 21645?
45
Calculate the greatest common divisor of 90 and 2745.
45
Calculate the greatest common divisor of 207 and 92.
23
What is the greatest common divisor of 105 and 30?
15
Calculate the highest common divisor of 34 and 8262.
34
Calculate the highest common factor of 56 and 35.
7
Calculate the highest common factor of 35 and 1855.
35
Calculate the greatest common divisor of 52 and 296.
4
What is the greatest common factor of 96 and 512?
32
What is the greatest common factor of 162 and 378?
54
Calculate the highest common divisor of 388 and 32.
4
What is the highest common divisor of 675 and 25?
25
What is the greatest common divisor of 10 and 107660?
10
What is the highest common factor of 18774 and 126?
126
What is the highest common factor of 3 and 419?
1
What is the highest common divisor of 10 and 30?
10
What is the greatest common divisor of 2116 and 92?
92
What is the greatest common factor of 1344 and 132?
12
What is the greatest common factor of 17 and 17?
17
What is the greatest common factor of 110 and 20?
10
What is the greatest common divisor of 154 and 44?
22
What is the greatest common divisor of 275 and 25?
25
Calculate the highest common factor of 21345 and 45.
15
Calculate the highest common factor of 4 and 6160.
4
Calculate the greatest common factor of 3641 and 11.
11
Calculate the greatest common factor of 17420 and 260.
260
Calculate the highest common divisor of 662 and 4.
2
Calculate the highest common divisor of 2240 and 400.
80
What is the highest common divisor of 372 and 1164?
12
What is the highest common divisor of 10443 and 1593?
177
What is the highest common factor of 39 and 533?
13
What is the highest common factor of 189 and 1071?
63
What is the greatest common factor of 105 and 5?
5
What is the greatest common factor of 696 and 24?
24
Calculate the greatest common factor of 105 and 560.
35
Calculate the greatest common factor of 3026 and 34.
34
What is the highest common divisor of 63 and 483?
21
Calculate the greatest common divisor of 230 and 18745.
115
Calculate the greatest common factor of 750 and 30.
30
What is the greatest common factor of 136 and 904?
8
Calculate the greatest common factor of 540 and 80.
20
Calculate the highest common divisor of 145 and 65.
5
Calculate the greatest common divisor of 40 and 64.
8
What is the greatest common divisor of 266 and 38?
38
What is the highest common factor of 220 and 100?
20
Calculate the greatest common divisor of 52 and 286.
26
Calculate the highest common factor of 24 and 228.
12
Calculate the highest common factor of 10 and 265.
5
Calculate the highest common factor of 95 and 52060.
95
Calculate the highest common divisor of 16 and 2384.
16
What is the highest common factor of 1619 and 1?
1
What is the highest common factor of 13 and 325?
13
Calculate the highest common divisor of 805 and 175.
35
What is the highest common divisor of 11 and 1441?
11
Calculate the greatest common factor of 154 and 3938.
22
What is the greatest common factor of 274 and 274?
274
What is the greatest common divisor of 198 and 2475?
99
What is the greatest common divisor of 160 and 30?
10
What is the greatest common factor of 516 and 12?
12
Calculate the greatest common factor of 318 and 3286.
106
Calculate the highest common divisor of 60 and 33.
3
Calculate the highest common divisor of 5 and 109.
1
Calculate the highest common divisor of 280 and 42.
14
Calculate the highest common divisor of 95 and 266.
19
What is the highest common divisor of 15633 and 81?
81
Calculate the highest common divisor of 427 and 183.
61
What is the highest common divisor of 185 and 296?
37
What is the greatest common factor of 1760 and 6380?
220
What is the greatest common factor of 315 and 243?
9
What is the greatest common factor of 557 and 3?
1
What is the highest common factor of 2 and 5?
1
What is the greatest common factor of 153 and 204?
51
Calculate the greatest common factor of 627 and 363.
33
What is the highest common factor of 14 and 1022?
14
Calculate the greatest common factor of 207 and 27.
9
Calculate the highest common factor of 59 and 27140.
59
What is the greatest common factor of 59 and 8791?
59
Calculate the greatest common factor of 1026 and 72.
18
What is the highest common divisor of 52 and 806?
26
What is the highest common divisor of 38 and 171?
19
What is the highest common factor of 6809 and 33?
11
What is the highest common factor of 512 and 1664?
128
What is the highest common divisor of 74 and 4?
2
What is the highest common factor of 77 and 847?
77
What is the highest common divisor of 39 and 75?
3
What is the highest common divisor of 56 and 3896?
8
Calculate the greatest common factor of 400 and 27000.
200
What is the greatest common factor of 55 and 715?
55
Calculate the greatest common divisor of 1106 and 2528.
158
Calculate the highest common divisor of 10 and 160.
10
What is the greatest common divisor of 34 and 11815?
17
What is the greatest common divisor of 238 and 357?
119
What is the highest common divisor of 90 and 1395?
45
What is the greatest common divisor of 14 and 30898?
14
Calculate the highest common factor of 26 and 9217.
13
Calculate the greatest common divisor of 508 and 3.
1
Calculate the highest common factor of 384 and 80.
16
Calculate the highest common divisor of 1276 and 174.
58
What is the highest common factor of 1170 and 26?
26
What is the greatest common factor of 80 and 2080?
80
Calculate the greatest common factor of 113 and 55822.
113
What is the highest common factor of 87 and 24708?
87
Calculate the greatest common factor of 2 and 121.
1
What is the highest common divisor of 589 and 1271?
31
Calculate the greatest common divisor of 5 and 85.
5
What is the highest common factor of 96 and 1776?
48
Calculate the highest common factor of 79 and 94247.
79
Calculate the greatest common factor of 224 and 84.
28
Calculate the greatest common factor of 45 and 261.
9
Calculate the greatest common divisor of 3438 and 36.
18
What is the highest common divisor of 18 and 117?
9
Calculate the highest common divisor of 504 and 3096.
72
What is the highest common divisor of 376 and 235?
47
Calculate the greatest common divisor of 114 and 60.
6
What is the greatest common factor of 55 and 220?
55
What is the greatest common factor of 3850 and 22?
22
Calculate the greatest common factor of 2535 and 390.
195
What is the highest common divisor of 200 and 425?
25
What is the highest common factor of 30 and 210?
30
Calculate the highest common divisor of 12 and 8124.
12
Calculate the greatest common divisor of 110 and 95.
5
Calculate the highest common factor of 36 and 828.
36
Calculate the highest common divisor of 475 and 150.
25
Calculate the greatest common divisor of 704 and 968.
88
Calculate the highest common factor of 5332 and 860.
172
Calculate the greatest common divisor of 2583 and 1638.
63
What is the highest common factor of 27 and 111?
3